lculate the remainder when 7218 is divided by 157.
153
Calculate the remainder when 13468 is divided by 148.
0
What is the remainder when 88812 is divided by 23?
9
Calculate the remainder when 7271 is divided by 259.
19
Calculate the remainder when 305201 is divided by 11738.
13
What is the remainder when 23107 is divided by 8?
3
Calculate the remainder when 3775 is divided by 402.
157
What is the remainder when 23588 is divided by 11707?
174
What is the remainder when 1888 is divided by 357?
103
Calculate the remainder when 5066 is divided by 1599.
269
Calculate the remainder when 1767 is divided by 1274.
493
What is the remainder when 9677 is divided by 121?
118
Calculate the remainder when 61785 is divided by 13.
9
What is the remainder when 170776 is divided by 364?
60
Calculate the remainder when 3243 is divided by 1210.
823
Calculate the remainder when 1481983 is divided by 134725.
8
Calculate the remainder when 63278 is divided by 560.
558
Calculate the remainder when 4676 is divided by 121.
78
What is the remainder when 770 is divided by 751?
19
Calculate the remainder when 118931 is divided by 86.
79
What is the remainder when 46321 is divided by 1023?
286
What is the remainder when 15540 is divided by 15489?
51
What is the remainder when 1350 is divided by 265?
25
What is the remainder when 73639 is divided by 512?
423
What is the remainder when 2081976 is divided by 89?
88
Calculate the remainder when 73443 is divided by 84.
27
Calculate the remainder when 3124 is divided by 210.
184
What is the remainder when 1126 is divided by 35?
6
What is the remainder when 4444 is divided by 89?
83
What is the remainder when 6162 is divided by 1024?
18
Calculate the remainder when 6040 is divided by 37.
9
What is the remainder when 9071 is divided by 210?
41
Calculate the remainder when 136914 is divided by 105.
99
Calculate the remainder when 20452 is divided by 1137.
1123
What is the remainder when 17069 is divided by 43?
41
What is the remainder when 7304 is divided by 149?
3
What is the remainder when 214808 is divided by 18?
14
What is the remainder when 178263 is divided by 9?
0
What is the remainder when 8685 is divided by 355?
165
What is the remainder when 162504 is divided by 4?
0
What is the remainder when 42765 is divided by 88?
85
What is the remainder when 7482 is divided by 3359?
764
Calculate the remainder when 6357 is divided by 242.
65
What is the remainder when 6741 is divided by 1680?
21
Calculate the remainder when 4887 is divided by 47.
46
Calculate the remainder when 43122 is divided by 1796.
18
What is the remainder when 24149 is divided by 2681?
20
Calculate the remainder when 43922 is divided by 109.
104
What is the remainder when 18201 is divided by 673?
30
What is the remainder when 195713 is divided by 3494?
49
Calculate the remainder when 25545 is divided by 1912.
689
What is the remainder when 999 is divided by 443?
113
Calculate the remainder when 127399 is divided by 280.
279
What is the remainder when 22604 is divided by 85?
79
Calculate the remainder when 1060 is divided by 161.
94
What is the remainder when 4440 is divided by 413?
310
What is the remainder when 3176 is divided by 24?
8
Calculate the remainder when 52078 is divided by 1335.
13
What is the remainder when 10393 is divided by 4?
1
What is the remainder when 18767 is divided by 18748?
19
What is the remainder when 859246 is divided by 432?
430
Calculate the remainder when 13571 is divided by 156.
155
What is the remainder when 4513 is divided by 43?
41
Calculate the remainder when 697 is divided by 616.
81
What is the remainder when 486221 is divided by 357?
344
Calculate the remainder when 7701 is divided by 29.
16
What is the remainder when 1674 is divided by 286?
244
Calculate the remainder when 187438 is divided by 132.
130
What is the remainder when 1284 is divided by 445?
394
What is the remainder when 5577 is divided by 22?
11
Calculate the remainder when 121294 is divided by 1363.
1350
What is the remainder when 491283 is divided by 74?
71
Calculate the remainder when 23372 is divided by 30.
2
Calculate the remainder when 26305 is divided by 907.
2
Calculate the remainder when 9578 is divided by 147.
23
What is the remainder when 46369 is divided by 15401?
166
What is the remainder when 3233 is divided by 264?
65
Calculate the remainder when 24331 is divided by 1737.
13
Calculate the remainder when 79943 is divided by 92.
87
Calculate the remainder when 5561 is divided by 1059.
266
What is the remainder when 6462 is divided by 199?
94
Calculate the remainder when 3298 is divided by 43.
30
What is the remainder when 4925 is divided by 499?
434
Calculate the remainder when 4471 is divided by 70.
61
Calculate the remainder when 17087 is divided by 1538.
169
Calculate the remainder when 614 is divided by 542.
72
What is the remainder when 32865 is divided by 296?
9
What is the remainder when 6979 is divided by 3489?
1
Calculate the remainder when 465280 is divided by 1169.
18
Calculate the remainder when 1497 is divided by 222.
165
Calculate the remainder when 2182 is divided by 26.
24
Calculate the remainder when 999 is divided by 788.
211
Calculate the remainder when 250519 is divided by 55.
49
Calculate the remainder when 89556 is divided by 1905.
21
What is the remainder when 538 is divided by 117?
70
Calculate the remainder when 7914 is divided by 44.
38
What is the remainder when 17215 is divided by 5725?
40
Calculate the remainder when 468218 is divided by 164.
162
What is the remainder when 14727 is divided by 3681?
3
Calculate the remainder when 38752 is divided by 615.
7
Calculate the remainder when 2787 is divided by 311.
299
Calculate the remainder when 18743 is divided by 877.
326
What is the remainder when 428230 is divided by 1807?
1778
Calculate the remainder when 2054050 is divided by 513.
511
Calculate the remainder when 36684 is divided by 36588.
96
Calculate the remainder when 31929 is divided by 5319.
15
What is the remainder when 67222 is divided by 8401?
14
What is the remainder when 18167 is divided by 2577?
128
What is the remainder when 9640 is divided by 1049?
199
Calculate the remainder when 3020 is divided by 235.
200
Calculate the remainder when 348671 is divided by 12.
11
What is the remainder when 19239 is divided by 4781?
115
What is the remainder when 9069 is divided by 13?
8
What is the remainder when 649 is divided by 50?
49
Calculate the remainder when 22048 is divided by 1102.
8
What is the remainder when 17918 is divided by 29?
25
Calculate the remainder when 1458 is divided by 28.
2
What is the remainder when 133814 is divided by 252?
2
Calculate the remainder when 1470 is divided by 730.
10
Calculate the remainder when 312908 is divided by 14.
8
What is the remainder when 22331 is divided by 485?
21
What is the remainder when 2294 is divided by 108?
26
Calculate the remainder when 11190 is divided by 656.
38
What is the remainder when 4122 is divided by 83?
55
What is the remainder when 568 is divided by 164?
76
Calculate the remainder when 21449 is divided by 124.
121
Calculate the remainder when 4192 is divided by 20.
12
Calculate the remainder when 16922 is divided by 16919.
3
What is the remainder when 698858 is divided by 349428?
2
Calculate the remainder when 258653 is divided by 236.
233
What is the remainder when 7882 is divided by 114?
16
What is the remainder when 1342 is divided by 430?
52
What is the remainder when 1861599 is divided by 10?
9
What is the remainder when 5605678 is divided by 24?
22
What is the remainder when 457729 is divided by 910?
909
What is the remainder when 855 is divided by 26?
23
Calculate the remainder when 36555 is divided by 131.
6
What is the remainder when 967105 is divided by 66?
7
What is the remainder when 40749 is divided by 73?
15
What is the remainder when 13654 is divided by 427?
417
What is the remainder when 104169 is divided by 34?
27
What is the remainder when 16106 is divided by 618?
38
Calculate the remainder when 10349 is divided by 87.
83
What is the remainder when 54706 is divided by 47?
45
What is the remainder when 46170 is divided by 194?
192
What is the remainder when 4339 is divided by 2160?
19
What is the remainder when 59049 is divide